y 15.
13
Let c(v) = -v**3 - 11*v**2 + 11*v - 4. Let p be c(-12). Let f(b) = -b**3 + 7*b**2 + 10*b - 2. Calculate the remainder when f(p) is divided by 4.
2
Let q = 39 + 24. What is the remainder when q is divided by 16?
15
Suppose r - 75 = -4*r. Calculate the remainder when 74 is divided by r.
14
Let p(w) = w**2 - w + 3. Let g be p(4). Suppose 0 = -3*y + y - f + g, 4*y - f = 33. What is the remainder when 15 is divided by y?
7
Let c = 9 - -6. What is the remainder when c is divided by 8?
7
Suppose -47*d + 53*d - 96 = 0. What is the remainder when 75 is divided by d?
11
Let c = 0 + 3. Suppose -6 = -t - 4. Suppose 3*g - b - 7 = t*g, -5*b = -3*g + 31. What is the remainder when c is divided by g?
1
Let w = -6 + 8. Suppose -w*r - 6*p = -5*p, -2*p = -2*r. Suppose r = 2*g - 6*g + 36. Calculate the remainder when 16 is divided by g.
7
Suppose 2*a + a = 27. Suppose -4*w + 14 = -82. Calculate the remainder when w is divided by a.
6
Calculate the remainder when 13 is divided by (-24)/(-10)*40/16.
1
Suppose -m + 17 - 2 = 0. Calculate the remainder when m is divided by 6.
3
Suppose -l - 12 = -22. Let n = 36 + -9. What is the remainder when n is divided by l?
7
Let d be 1 - (-2 + (4 - 2)). Suppose -4*w + 4 = 8. Let c = d - w. Calculate the remainder when c is divided by 2.
0
Let q be (4/10 + 0)*5. Suppose q*o + 2*o - 8 = 0. Suppose -3*t + 13 = 5*i, -7*t - 3*i + 27 = -o*t. What is the remainder when 11 is divided by t?
5
Suppose 2*u = o + 3*u - 12, 3*o - 3*u - 6 = 0. What is the remainder when 62 is divided by o?
6
What is the remainder when 64/10*(-5)/(-2) is divided by 9?
7
Let c = 11 - 12. Let p = c - -1. Suppose 0 - 12 = 2*w + 4*b, -4*w - 2*b + 6 = p. Calculate the remainder when 11 is divided by w.
3
Suppose 0*p - p + 7 = -i, 3*p = -5*i + 61. Let d = 23 - p. Calculate the remainder when 32 is divided by d.
10
Suppose -5*t + 2 = -33. Calculate the remainder when t is divided by 2.
1
Let q(l) = -l**3 + 10*l**2 - 10*l + 12. Let z be q(9). Let s(w) = -24*w**3 - w**2 + 1. Calculate the remainder when s(-1) is divided by 12/z*(-13)/(-4).
11
Let h = 60 + -39. What is the remainder when 100 is divided by h?
16
Let u = -190 - -240. What is the remainder when u is divided by 15?
5
Let w(f) = 2*f**2 + 2*f - 1. Suppose -4*v = 3*s - 123 - 0, 3*s - 123 = -v. Calculate the remainder when s is divided by w(2).
8
Suppose 4*y = -5*b + 2*b + 48, 4*y = 5*b - 112. Calculate the remainder when 38 is divided by b.
18
Let a = 10 + 3. Suppose 9 = h - 40. Calculate the remainder when h is divided by a.
10
Let t be ((-188)/6)/((-6)/(-9)). Let w = -26 - t. Suppose -2*u - 5*o + w = 0, 0 = -3*u + 2*o + o + 63. What is the remainder when u is divided by 10?
8
Let r(u) = 23*u + 2. Calculate the remainder when r(2) is divided by 7.
6
Let z = 51 - 38. Calculate the remainder when z is divided by 6.
1
Let c(x) = -x**2 - 4*x. Let b be c(-3). Suppose 0 = 3*h - 2*v - 5, -h - 4*v - 20 = b*h. What is the remainder when 37 - (h - -2)*-1 is divided by 13?
12
Suppose -6*h + 3*k - 3 = -3*h, 0 = k. Let n = 2 - h. Calculate the remainder when 4 is divided by n.
1
Suppose 0 = -s + 9*s - 96. Calculate the remainder when ((-22)/(-4))/((-2)/(-12)) is divided by s.
9
Suppose -5*c = -9*c + 60. What is the remainder when 173/3 + (-4)/6 is divided by c?
12
Let d = -23 - -34. What is the remainder when 21 + (2 - 0 - 2) is divided by d?
10
Suppose -71 = -2*y - 15. What is the remainder when y is divided by 15?
13
Let f = 20 - 18. Suppose f*x + x - 4*k - 52 = 0, 4*x - 2*k - 56 = 0. Calculate the remainder when x is divided by 8.
4
Let p = 33 - 6. What is the remainder when 107 is divided by p?
26
Let u = 17 - 7. Calculate the remainder when u is divided by 4.
2
Suppose z - 5*d = -1, 4*z + 2*d = z + 48. What is the remainder when 67 is divided by z?
11
Suppose 16 = 2*t - 18. Let c(z) = z**2 - 11*z + 27. What is the remainder when t is divided by c(9)?
8
Let p = -95 + 142. Suppose 2*c - r - 21 = -0*r, -15 = -5*r. Calculate the remainder when p is divided by c.
11
Suppose -2*u = -2*v - 32, -u - 5*v - 2 = -0. What is the remainder when 74 is divided by u?
9
Let z(w) be the third derivative of 1/6*w**3 - 1/120*w**6 + 0 + w**2 + 1/24*w**4 + 0*w**5 + 0*w. Calculate the remainder when z(-2) is divided by 4.
3
Suppose 3*w - 39 = -2*f, -2*f - 3*w + 102 = 3*f. What is the remainder when 40 is divided by f?
19
What is the remainder when 28 is divided by 2 + -4 + (-51)/(-3)?
13
Let l = 132 - 118. Calculate the remainder when 21 is divided by l.
7
Suppose w = -g - 186, g - 570 = 3*w - 2*g. Let j = 7 - -9. Calculate the remainder when w/(-8)*2/1 is divided by j.
15
Let o(y) = 2*y**2 - 16*y + 19. What is the remainder when o(8) is divided by 8?
3
Let t = 32 - 13. Suppose 8*f = 9*f - 23. Suppose 5*i = f + 12. What is the remainder when t is divided by i?
5
Let n = 7 - 4. Suppose 0 = -g - n*g + 40. What is the remainder when g is divided by 2 + 0 + 8/2?
4
Let f be (-20)/6*(-12)/10. Let h(i) = 4*i + 2. Let g be h(f). Suppose -3*l - 3 = -g. What is the remainder when l is divided by 2?
1
Suppose 4*b + 4*l - 404 = 2*l, l = b - 107. What is the remainder when b is divided by 15?
13
Let n = -22 - -43. Suppose z - 15 = -3*r + 6, 0 = z + 2*r - 18. What is the remainder when n is divided by z?
9
Let s = -1 - 11. Calculate the remainder when (-249)/s + 2/8 is divided by (-1 - -2)/((-1)/(-11)).
10
What is the remainder when 23 is divided by (27/15 - 3)*-10?
11
Let z = 10 - 2. Let f(v) = -v**2 + 8*v + 5. What is the remainder when f(z) is divided by 3?
2
Let l(x) = x**3 + 4*x**2 - 7*x - 6. Let q(n) = -n**2 - 4*n - 8. Let c be q(-4). What is the remainder when 172/16 + (-2)/c is divided by l(-5)?
3
Let w be (0 - 2) + (-4)/(-1). Suppose -5*u - 21 = -4*j, -j - 4 = u + w. Calculate the remainder when 11 is divided by 6/(0 + j + 2).
5
Let v be ((-2)/(-3))/(8/36). Let z(f) = 6*f + 4. Calculate the remainder when 42 is divided by z(v).
20
Let p(l) = 2*l**2 - l**2 - 2 + 3*l**3 + 2*l**2. Let b = -24 + 36. Calculate the remainder when p(2) is divided by b.
10
Let c(k) = -k**2 + 9*k + 3. Calculate the remainder when 45 is divided by c(5).
22
Suppose -3*r - 6 = -2*f + 7, 5*f + 2*r = 61. What is the remainder when 30 is divided by f?
8
Let m(b) = -4*b**2. Let a = 0 - -3. Let h be m(a). Let c = h + 57. What is the remainder when c is divided by 11?
10
Suppose -6*g + 3*g = -12. Let u = 16 + g. Calculate the remainder when u is divided by 11.
9
Let h(v) = 2 + 1 - 8*v - 4 - 4. What is the remainder when h(-6) is divided by 11?
10
Let w be (3 + 18/(-4))*-74. Suppose 28 = -4*v - 4*b + 192, 0 = 3*v - b - w. Calculate the remainder when v is divided by 20.
18
Suppose -s - f + 52 - 12 = 0, 0 = 2*f - 10. Calculate the remainder when 24 is divided by 128/14 + (-5)/s.
6
Suppose -5 + 23 = 2*w - 4*x, 2*w = -5*x - 9. Suppose -3*a + a - 2 = -2*u, 1 = -4*a + w*u. What is the remainder when a is divided by 2?
0
Suppose 6 + 2 = 2*u + 2*h, 0 = -3*h. Calculate the remainder when 11 is divided by u.
3
Suppose 2*v - 13 - 5 = 0. What is the remainder when 17 is divided by v?
8
Suppose z - 3*z - 6 = 0. What is the remainder when 7 is divided by 27/12 + z/(-4)?
1
Suppose 0 = 3*o - 6*o - 15. Let v be (1 - (-9)/3)*33/(-12). Let z = o - v. Calculate the remainder when 21 is divided by z.
3
Suppose -13 = -s - 5*t, -3*s + 3*t = s - 98. What is the remainder when s is divided by 6?
5
Calculate the remainder when ((-18)/4 + 4)*-130 is divided by 11.
10
Let l(c) = 5*c - 10. Calculate the remainder when 19 is divided by l(4).
9
Let g = -89 - -25. What is the remainder when g/(-5) - 4/(-20) is divided by 7?
6
Let d be 42/6*12/7. Suppose -7*c + d = -6*c. Calculate the remainder when 33 is divided by c.
9
Suppose g - 60 = 12. Suppose -v = 5*c - g, v = -c - 3 + 19. Let s = -10 - -18. Calculate the remainder when c is divided by s.
6
Suppose 6*o = 4*o - 12. Let h be o*(16/3)/(-4). Let q = h - -5. Calculate the remainder when 25 is divided by q.
12
Let y(v) = 19*v - 13. What is the remainder when 99 is divided by y(2)?
24
Suppose 2*m + 0*m - 38 = -3*r, -2*m = 4*r - 52. Calculate the remainder when (-14)/7 + 56/2 is divided by r.
12
Suppose -2*o = 2*o - 24. What is the remainder when 17 is divided by o?
5
Suppose -o + 1 = 2*a - 4, 3*a = 3. Let s(n) = 7*n - 4*n**2 - 18*n - 6 + 3*n**2. W